9 divide 4757890?
False
Does 11 divide 29777?
True
Does 198 divide 4468068?
True
Is 12874020 a multiple of 15?
True
Is 252612 a multiple of 5?
False
Is 12590032 a multiple of 1776?
False
Does 24 divide 176448?
True
Does 121 divide 321013?
True
Is 35246 a multiple of 124?
False
Does 124 divide 150428?
False
Is 546145 a multiple of 77?
False
Is 3484648 a multiple of 8?
True
Is 14 a factor of 1083876?
False
Does 40 divide 67040?
True
Does 498 divide 280716?
False
Is 103704 a multiple of 548?
False
Is 24 a factor of 17313360?
True
Is 161 a factor of 2745533?
True
Is 256689 a multiple of 15?
False
Is 11063360 a multiple of 1232?
True
Does 19 divide 367897?
True
Does 51 divide 4462053?
False
Does 10 divide 78730?
True
Does 7 divide 20916?
True
Is 1905927 a multiple of 186?
False
Is 6962826 a multiple of 1534?
True
Is 3430534 a multiple of 73?
False
Is 7 a factor of 43841?
True
Is 1453628 a multiple of 358?
False
Does 119 divide 8464351?
True
Does 24 divide 98788?
False
Does 175 divide 35795?
False
Is 60 a factor of 3331080?
True
Does 93 divide 831792?
True
Is 96 a factor of 327840?
True
Is 15 a factor of 499875?
True
Is 124 a factor of 15972089?
False
Does 594 divide 307098?
True
Is 41 a factor of 457928?
False
Is 65682 a multiple of 246?
True
Is 45211 a multiple of 10?
False
Is 67 a factor of 14784?
False
Is 647542 a multiple of 58?
False
Is 15 a factor of 10878675?
True
Does 6 divide 222531?
False
Does 76 divide 100396?
True
Is 46 a factor of 3034554?
False
Does 410 divide 12087665?
False
Does 1911 divide 35567617?
False
Is 7 a factor of 568826?
False
Does 4 divide 1660?
True
Does 41 divide 6690954?
True
Is 1424296 a multiple of 39?
False
Is 5 a factor of 29740?
True
Does 390 divide 421200?
True
Is 15 a factor of 2273579?
False
Is 4182919 a multiple of 21?
False
Is 39774 a multiple of 14?
True
Does 217 divide 748284?
False
Is 11 a factor of 269830?
True
Is 95 a factor of 1020110?
True
Does 44 divide 2483712?
True
Is 15 a factor of 531741?
False
Is 12801681 a multiple of 109?
False
Is 2948372 a multiple of 29?
True
Is 962640 a multiple of 630?
True
Is 6 a factor of 44791?
False
Does 15 divide 222255?
True
Is 173 a factor of 84943?
True
Is 1078392 a multiple of 196?
True
Is 10950115 a multiple of 169?
False
Is 403737 a multiple of 52?
False
Does 29 divide 23316?
True
Is 1547583 a multiple of 15?
False
Is 95 a factor of 1906080?
True
Is 1658477 a multiple of 236?
False
Is 315 a factor of 301124?
False
Is 8 a factor of 1017952?
True
Does 39 divide 106448?
False
Is 496950 a multiple of 112?
False
Does 300 divide 2084700?
True
Does 196 divide 20215557?
False
Is 224670 a multiple of 7?
False
Does 18 divide 2920338?
True
Is 81733 a multiple of 41?
False
Is 21 a factor of 905821?
False
Does 11 divide 25785?
False
Is 262225 a multiple of 2?
False
Does 290 divide 13279?
False
Is 2282 a multiple of 7?
True
Does 13 divide 20254?
True
Is 5 a factor of 228190?
True
Is 696540 a multiple of 156?
True
Is 11 a factor of 1115686?
True
Does 15 divide 3123359?
False
Is 104 a factor of 96754?
False
Is 3064884 a multiple of 316?
True
Does 10 divide 2233490?
True
Is 460730 a multiple of 13?
False
Is 53 a factor of 62487?
True
Is 11824974 a multiple of 861?
True
Is 21 a factor of 96936?
True
Is 43 a factor of 267761?
True
Is 298 a factor of 96224?
False
Is 16 a factor of 6601117?
False
Is 62640 a multiple of 45?
True
Is 218998 a multiple of 19?
False
Is 103896 a multiple of 148?
True
Is 712 a factor of 2588120?
True
Does 722 divide 802142?
True
Is 65 a factor of 373620?
True
Is 17 a factor of 126905?
True
Is 4290 a multiple of 78?
True
Is 2007862 a multiple of 63?
False
Is 2686656 a multiple of 14?
True
Is 72 a factor of 525713?
False
Is 403344 a multiple of 48?
True
Does 4 divide 655364?
True
Is 339898 a multiple of 12?
False
Does 34 divide 2203166?
True
Does 60 divide 2174100?
True
Is 66 a factor of 181566?
True
Is 624 a factor of 9532146?
False
Is 14 a factor of 5126324?
True
Does 379 divide 75938?
False
Is 13 a factor of 101608?
True
Is 277 a factor of 906524?
False
Is 2 a factor of 311474?
True
Does 515 divide 265657?
False
Does 35 divide 381682?
False
Is 10 a factor of 2825240?
True
Is 115 a factor of 2165?
False
Is 24 a factor of 2638824?
True
Is 528112 a multiple of 67?
False
Does 26 divide 871208?
True
Does 7 divide 3001145?
True
Is 34115 a multiple of 5?
True
Is 24752 a multiple of 136?
True
Does 30 divide 88800?
True
Is 4883458 a multiple of 20?
False
Is 1040 a factor of 412880?
True
Is 126 a factor of 954733?
False
Is 729455 a multiple of 13?
False
Is 12 a factor of 67311?
False
Is 2243098 a multiple of 682?
True
Is 28 a factor of 125683?
False
Does 14 divide 593758?
False
Is 282390 a multiple of 17?
False
Is 13 a factor of 127091?
False
Is 13 a factor of 449917?
True
Is 1348196 a multiple of 261?
False
Is 372 a factor of 209808?
True
Does 6 divide 862893?
False
Is 734832 a multiple of 18?
True
Is 14 a factor of 1845480?
True
Is 18 a factor of 51231?
False
Is 477 a factor of 95224?
False
Is 103250 a multiple of 14?
True
Is 23247884 a multiple of 566?
True
Does 10 divide 141440?
True
Is 112 a factor of 851424?
True
Is 161 a factor of 11055988?
False
Is 795 a factor of 6845198?
False
Is 1312664 a multiple of 632?
True
Does 59 divide 21403?
False
Is 1811576 a multiple of 14?
False
Is 26 a factor of 72455?
False
Is 29 a factor of 248774?
False
Is 170034 a multiple of 17?
True
Is 3 a factor of 155946?
True
Is 244071 a multiple of 3?
True
Is 2264368 a multiple of 776?
True
Does 9 divide 3901035?
False
Is 18022 a multiple of 14?
False
Does 960 divide 17561280?
True
Is 56021 a multiple of 7?
True
Is 46 a factor of 304750?
True
Does 384 divide 2631936?
True
Is 30 a factor of 3765330?
True
Does 58 divide 10409?
False
Is 475 a factor of 2084300?
True
Is 11022932 a multiple of 261?
False
Is 49830 a multiple of 46?
False
Is 17 a factor of 90634?
False
Is 4 a factor of 4520?
True
Is 172516 a multiple of 731?
True
Does 27 divide 9443057?
False
Is 1285422 a multiple of 28?
False
Does 5 divide 367078?
False
Is 25 a factor of 342415?
False
Is 85882 a multiple of 46?
True
Does 68 divide 50048?
True
Is 232 a factor of 5399843?
False
Is 250 a factor of 37250?
True
Does 5 divide 1835886?
False
Is 1234136 a multiple of 8?
True
Is 393451 a multiple of 183?
False
Is 1220880 a multiple of 8?
True
Is 4831147 a multiple of 6?
False
Is 86 a factor of 118081?
False
Does 1031 divide 16683055?
False
Is 631792 a multiple of 28?
True
Is 75 a factor of 2165700?
True
Is 1011281 a multiple of 11?
False
Is 2856816 a multiple of 4?
True
Is 71785 a multiple of 35?
True
Is 754 a factor of 7540239?
False
Is 36233889 a multiple of 1324?
False
Is 296 a factor of 597717?
False
Is 916585 a multiple of 125?
False
Is 9390 a multiple of 17?
False
Does 62 divide 72540?
True
Does 82 divide 13940?
True
Is 366 a factor of 766880?
False
Does 42 divide 266980?
False
Does 40 divide 200968?
False
Is 149949 a multiple of 72?
False
Does 29 divide 10001636?
True
Is 137 a factor of 396676?
False
Is 1632310 a multiple of 47?
True
Does 2 divide 29589?
False
Is 17 a factor of 31718?
False
Does 20 divide 269804?
False
Is 50 a factor of 28302100?
True
Does 40 divide 141226?
False
Is 255780 a multiple of 435?
True
Is 164196 a multiple of 97?
False
Is 473944 a multiple of 553?
False
Is 1941751 a multiple of 301?
True
Does 57 divide 682192?
False
Does 285 divide 153045?
True
Is 1763240 a multiple of 472?
False
Does 157 divide 797205?
False
Is 2 a factor of 53848?
True
Is 73 a factor of 18429?
False
Is 741359 a multiple of 41?
False
Is 374 a factor of 3043612?
True
Is 225 a factor of 328500?
True
Does 14 divide 2261100?
False
Is 50853 a multiple of 33?
True
Is 8537704 a multiple of 7?
True
Does 622 divide 3150430?
True
Does 107 divide 18562?
False
Does 23 divide 1048593?
True
Is 16 a factor of 1024690?
False
Is 285630 a multiple of 2?
True
Is 37036 a multiple of 197?
True
Is 10 a factor of 1263686?
False
Does 24 divide 1351776?
True
Is 7 a factor of 83720?
True
Is 1490688 a multiple of 128?
True
Does 444 divide 502844?
False
Is 4 a factor of 2642331?
False
Is 59 a factor of 8497239?
True
Is 9 a factor of 53397?
True
Is 1314 a factor of 5058900?
True
Is 529666 a multiple of 104?
False
Is 14 a factor of 6699577?
False
Is 25 a 